{"id":15,"date":"2024-05-15T23:02:07","date_gmt":"2024-05-15T23:02:07","guid":{"rendered":"https:\/\/nefservis.com\/?page_id=15"},"modified":"2024-05-15T23:21:53","modified_gmt":"2024-05-15T23:21:53","slug":"anasayfa","status":"publish","type":"page","link":"https:\/\/nefservis.com\/","title":{"rendered":"Anasayfa"},"content":{"rendered":"","protected":false},"excerpt":{"rendered":"","protected":false},"author":1,"featured_media":0,"parent":0,"menu_order":0,"comment_status":"closed","ping_status":"closed","template":"front","meta":{"footnotes":""},"yoast_head":"<!-- This site is optimized with the Yoast SEO plugin v22.8 - https:\/\/yoast.com\/wordpress\/plugins\/seo\/ -->\n<title>Anasayfa - NEF SERV\u0130S<\/title>\n<meta name=\"robots\" content=\"index, follow, max-snippet:-1, max-image-preview:large, max-video-preview:-1\" \/>\n<link rel=\"canonical\" href=\"https:\/\/nefservis.com\/\" \/>\n<meta property=\"og:locale\" content=\"tr_TR\" \/>\n<meta property=\"og:type\" content=\"article\" \/>\n<meta property=\"og:title\" content=\"Anasayfa - NEF SERV\u0130S\" \/>\n<meta property=\"og:url\" content=\"https:\/\/nefservis.com\/\" \/>\n<meta property=\"og:site_name\" content=\"NEF SERV\u0130S\" \/>\n<meta property=\"article:modified_time\" content=\"2024-05-15T23:21:53+00:00\" \/>\n<meta name=\"twitter:card\" content=\"summary_large_image\" \/>\n<script type=\"application\/ld+json\" class=\"yoast-schema-graph\">{\"@context\":\"https:\/\/schema.org\",\"@graph\":[{\"@type\":\"WebPage\",\"@id\":\"https:\/\/nefservis.com\/\",\"url\":\"https:\/\/nefservis.com\/\",\"name\":\"Anasayfa - NEF SERV\u0130S\",\"isPartOf\":{\"@id\":\"https:\/\/nefservis.com\/#website\"},\"datePublished\":\"2024-05-15T23:02:07+00:00\",\"dateModified\":\"2024-05-15T23:21:53+00:00\",\"breadcrumb\":{\"@id\":\"https:\/\/nefservis.com\/#breadcrumb\"},\"inLanguage\":\"tr\",\"potentialAction\":[{\"@type\":\"ReadAction\",\"target\":[\"https:\/\/nefservis.com\/\"]}]},{\"@type\":\"BreadcrumbList\",\"@id\":\"https:\/\/nefservis.com\/#breadcrumb\",\"itemListElement\":[{\"@type\":\"ListItem\",\"position\":1,\"name\":\"Anasayfa\",\"item\":\"https:\/\/nefservis.com\/\"},{\"@type\":\"ListItem\",\"position\":2,\"name\":\"Anasayfa\"}]},{\"@type\":\"WebSite\",\"@id\":\"https:\/\/nefservis.com\/#website\",\"url\":\"https:\/\/nefservis.com\/\",\"name\":\"NEF SERV\u0130S\",\"description\":\"m\u00fc\u015fteri memnuniyeti\",\"publisher\":{\"@id\":\"https:\/\/nefservis.com\/#organization\"},\"alternateName\":\"nef sistem\",\"potentialAction\":[{\"@type\":\"SearchAction\",\"target\":{\"@type\":\"EntryPoint\",\"urlTemplate\":\"https:\/\/nefservis.com\/?s={search_term_string}\"},\"query-input\":\"required name=search_term_string\"}],\"inLanguage\":\"tr\"},{\"@type\":\"Organization\",\"@id\":\"https:\/\/nefservis.com\/#organization\",\"name\":\"NEF SERV\u0130S\",\"url\":\"https:\/\/nefservis.com\/\",\"logo\":{\"@type\":\"ImageObject\",\"inLanguage\":\"tr\",\"@id\":\"https:\/\/nefservis.com\/#\/schema\/logo\/image\/\",\"url\":\"https:\/\/nefservis.com\/wp-content\/uploads\/2024\/05\/smsungcrstal.avif\",\"contentUrl\":\"https:\/\/nefservis.com\/wp-content\/uploads\/2024\/05\/smsungcrstal.avif\",\"width\":720,\"height\":540,\"caption\":\"NEF SERV\u0130S\"},\"image\":{\"@id\":\"https:\/\/nefservis.com\/#\/schema\/logo\/image\/\"},\"sameAs\":[\"https:\/\/www.nefservis.com\/\"]}]}<\/script>\n<!-- \/ Yoast SEO plugin. -->","yoast_head_json":{"title":"Anasayfa - NEF SERV\u0130S","robots":{"index":"index","follow":"follow","max-snippet":"max-snippet:-1","max-image-preview":"max-image-preview:large","max-video-preview":"max-video-preview:-1"},"canonical":"https:\/\/nefservis.com\/","og_locale":"tr_TR","og_type":"article","og_title":"Anasayfa - NEF SERV\u0130S","og_url":"https:\/\/nefservis.com\/","og_site_name":"NEF SERV\u0130S","article_modified_time":"2024-05-15T23:21:53+00:00","twitter_card":"summary_large_image","schema":{"@context":"https:\/\/schema.org","@graph":[{"@type":"WebPage","@id":"https:\/\/nefservis.com\/","url":"https:\/\/nefservis.com\/","name":"Anasayfa - NEF SERV\u0130S","isPartOf":{"@id":"https:\/\/nefservis.com\/#website"},"datePublished":"2024-05-15T23:02:07+00:00","dateModified":"2024-05-15T23:21:53+00:00","breadcrumb":{"@id":"https:\/\/nefservis.com\/#breadcrumb"},"inLanguage":"tr","potentialAction":[{"@type":"ReadAction","target":["https:\/\/nefservis.com\/"]}]},{"@type":"BreadcrumbList","@id":"https:\/\/nefservis.com\/#breadcrumb","itemListElement":[{"@type":"ListItem","position":1,"name":"Anasayfa","item":"https:\/\/nefservis.com\/"},{"@type":"ListItem","position":2,"name":"Anasayfa"}]},{"@type":"WebSite","@id":"https:\/\/nefservis.com\/#website","url":"https:\/\/nefservis.com\/","name":"NEF SERV\u0130S","description":"m\u00fc\u015fteri memnuniyeti","publisher":{"@id":"https:\/\/nefservis.com\/#organization"},"alternateName":"nef sistem","potentialAction":[{"@type":"SearchAction","target":{"@type":"EntryPoint","urlTemplate":"https:\/\/nefservis.com\/?s={search_term_string}"},"query-input":"required name=search_term_string"}],"inLanguage":"tr"},{"@type":"Organization","@id":"https:\/\/nefservis.com\/#organization","name":"NEF SERV\u0130S","url":"https:\/\/nefservis.com\/","logo":{"@type":"ImageObject","inLanguage":"tr","@id":"https:\/\/nefservis.com\/#\/schema\/logo\/image\/","url":"https:\/\/nefservis.com\/wp-content\/uploads\/2024\/05\/smsungcrstal.avif","contentUrl":"https:\/\/nefservis.com\/wp-content\/uploads\/2024\/05\/smsungcrstal.avif","width":720,"height":540,"caption":"NEF SERV\u0130S"},"image":{"@id":"https:\/\/nefservis.com\/#\/schema\/logo\/image\/"},"sameAs":["https:\/\/www.nefservis.com\/"]}]}},"_links":{"self":[{"href":"https:\/\/nefservis.com\/index.php?rest_route=\/wp\/v2\/pages\/15"}],"collection":[{"href":"https:\/\/nefservis.com\/index.php?rest_route=\/wp\/v2\/pages"}],"about":[{"href":"https:\/\/nefservis.com\/index.php?rest_route=\/wp\/v2\/types\/page"}],"author":[{"embeddable":true,"href":"https:\/\/nefservis.com\/index.php?rest_route=\/wp\/v2\/users\/1"}],"replies":[{"embeddable":true,"href":"https:\/\/nefservis.com\/index.php?rest_route=%2Fwp%2Fv2%2Fcomments&post=15"}],"version-history":[{"count":1,"href":"https:\/\/nefservis.com\/index.php?rest_route=\/wp\/v2\/pages\/15\/revisions"}],"predecessor-version":[{"id":16,"href":"https:\/\/nefservis.com\/index.php?rest_route=\/wp\/v2\/pages\/15\/revisions\/16"}],"wp:attachment":[{"href":"https:\/\/nefservis.com\/index.php?rest_route=%2Fwp%2Fv2%2Fmedia&parent=15"}],"curies":[{"name":"wp","href":"https:\/\/api.w.org\/{rel}","templated":true}]}}